{"id":49,"date":"2025-01-11T16:18:00","date_gmt":"2025-01-11T16:18:00","guid":{"rendered":"https:\/\/rolskikomputer.pl\/?page_id=49"},"modified":"2025-03-30T18:26:50","modified_gmt":"2025-03-30T18:26:50","slug":"serwis","status":"publish","type":"page","link":"https:\/\/rolskikomputer.pl\/?page_id=49","title":{"rendered":"Serwis"},"content":{"rendered":"\t\t<div data-elementor-type=\"wp-page\" data-elementor-id=\"49\" class=\"elementor elementor-49\">\n\t\t\t\t<div class=\"elementor-element elementor-element-9bcf262 e-flex e-con-boxed e-con e-parent\" data-id=\"9bcf262\" data-element_type=\"container\">\n\t\t\t\t\t<div class=\"e-con-inner\">\n\t\t\t\t<div class=\"elementor-element elementor-element-fb41c8e elementor-widget elementor-widget-heading\" data-id=\"fb41c8e\" data-element_type=\"widget\" data-widget_type=\"heading.default\">\n\t\t\t\t<div class=\"elementor-widget-container\">\n\t\t\t\t\t<h2 class=\"elementor-heading-title elementor-size-default\">Serwis komputerowy<\/h2>\t\t\t\t<\/div>\n\t\t\t\t<\/div>\n\t\t\t\t\t<\/div>\n\t\t\t\t<\/div>\n\t\t<div class=\"elementor-element elementor-element-3ce13e6 e-flex e-con-boxed e-con e-parent\" data-id=\"3ce13e6\" data-element_type=\"container\">\n\t\t\t\t\t<div class=\"e-con-inner\">\n\t\t\t\t<div class=\"elementor-element elementor-element-0071d79 elementor-widget elementor-widget-text-editor\" data-id=\"0071d79\" data-element_type=\"widget\" data-widget_type=\"text-editor.default\">\n\t\t\t\t<div class=\"elementor-widget-container\">\n\t\t\t\t\t\t\t\t\t<p><span style=\"font-weight: 600;\">Profesjonalny Serwis Komputerowy z 30-letnim Do\u015bwiadczeniem<\/span><\/p><p>Witaj w naszym serwisie komputerowym \u2013 miejscu, gdzie technologia spotyka do\u015bwiadczenie. Od ponad 30 lat pomagamy naszym klientom w rozwi\u0105zywaniu problem\u00f3w z komputerami, laptopami, drukarkami oraz zasilaczami UPS. Nasza wiedza i pasja pozwalaj\u0105 nam zapewnia\u0107 us\u0142ugi na najwy\u017cszym poziomie, niezale\u017cnie od skomplikowania usterki.<\/p>\t\t\t\t\t\t\t\t<\/div>\n\t\t\t\t<\/div>\n\t\t\t\t\t<\/div>\n\t\t\t\t<\/div>\n\t\t<div class=\"elementor-element elementor-element-54d8de0 e-grid e-con-boxed e-con e-parent\" data-id=\"54d8de0\" data-element_type=\"container\">\n\t\t\t\t\t<div class=\"e-con-inner\">\n\t\t\t\t<div class=\"elementor-element elementor-element-40bbad0 elementor-widget elementor-widget-image\" data-id=\"40bbad0\" data-element_type=\"widget\" data-widget_type=\"image.default\">\n\t\t\t\t<div class=\"elementor-widget-container\">\n\t\t\t\t\t\t\t\t\t\t\t\t\t\t\t<img fetchpriority=\"high\" decoding=\"async\" width=\"1024\" height=\"1024\" src=\"https:\/\/rolskikomputer.pl\/wp-content\/uploads\/2025\/01\/komponent.jpeg\" class=\"attachment-large size-large wp-image-51\" alt=\"\" srcset=\"https:\/\/rolskikomputer.pl\/wp-content\/uploads\/2025\/01\/komponent.jpeg 1024w, https:\/\/rolskikomputer.pl\/wp-content\/uploads\/2025\/01\/komponent-300x300.jpeg 300w, https:\/\/rolskikomputer.pl\/wp-content\/uploads\/2025\/01\/komponent-150x150.jpeg 150w, https:\/\/rolskikomputer.pl\/wp-content\/uploads\/2025\/01\/komponent-768x768.jpeg 768w, https:\/\/rolskikomputer.pl\/wp-content\/uploads\/2025\/01\/komponent-1000x1000.jpeg 1000w, https:\/\/rolskikomputer.pl\/wp-content\/uploads\/2025\/01\/komponent-230x230.jpeg 230w, https:\/\/rolskikomputer.pl\/wp-content\/uploads\/2025\/01\/komponent-350x350.jpeg 350w, https:\/\/rolskikomputer.pl\/wp-content\/uploads\/2025\/01\/komponent-480x480.jpeg 480w\" sizes=\"(max-width: 1024px) 100vw, 1024px\" \/>\t\t\t\t\t\t\t\t\t\t\t\t\t\t\t<\/div>\n\t\t\t\t<\/div>\n\t\t<div class=\"elementor-element elementor-element-22f6887 e-con-full e-flex e-con e-child\" data-id=\"22f6887\" data-element_type=\"container\">\n\t\t\t\t<div class=\"elementor-element elementor-element-e475591 elementor-widget elementor-widget-text-editor\" data-id=\"e475591\" data-element_type=\"widget\" data-widget_type=\"text-editor.default\">\n\t\t\t\t<div class=\"elementor-widget-container\">\n\t\t\t\t\t\t\t\t\t<p><span style=\"color: var(--sydney-headings-color); font-size: 32px; font-weight: 600; text-align: var(--text-align);\">Dlaczego my?<\/span><\/p><ul><li><strong>30 lat do\u015bwiadczenia<\/strong> \u2013 Tysi\u0105ce zadowolonych klient\u00f3w i rozwi\u0105zanych problem\u00f3w to najlepszy dow\u00f3d na nasze umiej\u0119tno\u015bci.<\/li><li><strong>Wszechstronna specjalizacja<\/strong> \u2013 Naprawiamy komputery stacjonarne, laptopy, drukarki oraz zasilacze UPS. Dzi\u0119ki temu oferujemy kompleksowe wsparcie w jednym miejscu.<\/li><li><strong>Szybko\u015b\u0107 i precyzja<\/strong> \u2013 Wiemy, jak wa\u017cny jest dla Ciebie czas, dlatego dzia\u0142amy szybko, nie trac\u0105c na jako\u015bci us\u0142ug.<\/li><li><strong>Indywidualne podej\u015bcie<\/strong> \u2013 Ka\u017cdy przypadek jest dla nas wyj\u0105tkowy. Znajdziemy rozwi\u0105zanie, kt\u00f3re najlepiej odpowiada Twoim potrzebom.<\/li><\/ul>\t\t\t\t\t\t\t\t<\/div>\n\t\t\t\t<\/div>\n\t\t\t\t<\/div>\n\t\t\t\t<div class=\"elementor-element elementor-element-c44dfd1 elementor-widget elementor-widget-text-editor\" data-id=\"c44dfd1\" data-element_type=\"widget\" data-widget_type=\"text-editor.default\">\n\t\t\t\t<div class=\"elementor-widget-container\">\n\t\t\t\t\t\t\t\t\t<h3>Nasze us\u0142ugi:<\/h3><ul><li>Diagnostyka i naprawa komputer\u00f3w i laptop\u00f3w.<\/li><li>Serwis drukarek \u2013 od prostych napraw po zaawansowan\u0105 konserwacj\u0119.<\/li><li>Naprawa i regeneracja zasilaczy UPS \u2013 dbamy o Twoj\u0105 niezawodno\u015b\u0107.<\/li><li>Optymalizacja system\u00f3w i usuwanie wirus\u00f3w \u2013 Twoje dane s\u0105 u nas bezpieczne.<\/li><\/ul><h3>Zaufaj ekspertom!<\/h3><p>Wybieraj\u0105c nasz serwis, stawiasz na solidno\u015b\u0107, uczciwo\u015b\u0107 i nowoczesne rozwi\u0105zania technologiczne. Niezale\u017cnie od problemu, z jakim si\u0119 zmagasz, jeste\u015bmy tutaj, by pom\u00f3c.<\/p>\t\t\t\t\t\t\t\t<\/div>\n\t\t\t\t<\/div>\n\t\t\t\t<div class=\"elementor-element elementor-element-9209cdb elementor-widget elementor-widget-image\" data-id=\"9209cdb\" data-element_type=\"widget\" data-widget_type=\"image.default\">\n\t\t\t\t<div class=\"elementor-widget-container\">\n\t\t\t\t\t\t\t\t\t\t\t\t\t\t\t<img decoding=\"async\" width=\"1024\" height=\"1024\" src=\"https:\/\/rolskikomputer.pl\/wp-content\/uploads\/2025\/01\/laptop.jpeg\" class=\"attachment-large size-large wp-image-52\" alt=\"\" srcset=\"https:\/\/rolskikomputer.pl\/wp-content\/uploads\/2025\/01\/laptop.jpeg 1024w, https:\/\/rolskikomputer.pl\/wp-content\/uploads\/2025\/01\/laptop-300x300.jpeg 300w, https:\/\/rolskikomputer.pl\/wp-content\/uploads\/2025\/01\/laptop-150x150.jpeg 150w, https:\/\/rolskikomputer.pl\/wp-content\/uploads\/2025\/01\/laptop-768x768.jpeg 768w, https:\/\/rolskikomputer.pl\/wp-content\/uploads\/2025\/01\/laptop-1000x1000.jpeg 1000w, https:\/\/rolskikomputer.pl\/wp-content\/uploads\/2025\/01\/laptop-230x230.jpeg 230w, https:\/\/rolskikomputer.pl\/wp-content\/uploads\/2025\/01\/laptop-350x350.jpeg 350w, https:\/\/rolskikomputer.pl\/wp-content\/uploads\/2025\/01\/laptop-480x480.jpeg 480w\" sizes=\"(max-width: 1024px) 100vw, 1024px\" \/>\t\t\t\t\t\t\t\t\t\t\t\t\t\t\t<\/div>\n\t\t\t\t<\/div>\n\t\t\t\t\t<\/div>\n\t\t\t\t<\/div>\n\t\t<div class=\"elementor-element elementor-element-0641d42 e-flex e-con-boxed e-con e-parent\" data-id=\"0641d42\" data-element_type=\"container\">\n\t\t\t\t\t<div class=\"e-con-inner\">\n\t\t\t\t<div class=\"elementor-element elementor-element-185b1c6 elementor-widget elementor-widget-text-editor\" data-id=\"185b1c6\" data-element_type=\"widget\" data-widget_type=\"text-editor.default\">\n\t\t\t\t<div class=\"elementor-widget-container\">\n\t\t\t\t\t\t\t\t\t<p>\ud83d\udc49\u00a0<strong>Skontaktuj si\u0119 z nami ju\u017c dzi\u015b i przekonaj si\u0119, dlaczego klienci od 30 lat wybieraj\u0105 w\u0142a\u015bnie nas!<\/strong><\/p>\t\t\t\t\t\t\t\t<\/div>\n\t\t\t\t<\/div>\n\t\t\t\t\t<\/div>\n\t\t\t\t<\/div>\n\t\t\t\t<\/div>\n\t\t","protected":false},"excerpt":{"rendered":"<p>Lorem ipsum dolor sit amet, consectetur adipiscing elit. Ut elit tellus, luctus nec ullamcorper mattis, pulvinar dapibus leo.<\/p>\n","protected":false},"author":1,"featured_media":0,"parent":0,"menu_order":0,"comment_status":"closed","ping_status":"closed","template":"","meta":{"footnotes":""},"class_list":["post-49","page","type-page","status-publish","hentry"],"_links":{"self":[{"href":"https:\/\/rolskikomputer.pl\/index.php?rest_route=\/wp\/v2\/pages\/49","targetHints":{"allow":["GET"]}}],"collection":[{"href":"https:\/\/rolskikomputer.pl\/index.php?rest_route=\/wp\/v2\/pages"}],"about":[{"href":"https:\/\/rolskikomputer.pl\/index.php?rest_route=\/wp\/v2\/types\/page"}],"author":[{"embeddable":true,"href":"https:\/\/rolskikomputer.pl\/index.php?rest_route=\/wp\/v2\/users\/1"}],"replies":[{"embeddable":true,"href":"https:\/\/rolskikomputer.pl\/index.php?rest_route=%2Fwp%2Fv2%2Fcomments&post=49"}],"version-history":[{"count":5,"href":"https:\/\/rolskikomputer.pl\/index.php?rest_route=\/wp\/v2\/pages\/49\/revisions"}],"predecessor-version":[{"id":182,"href":"https:\/\/rolskikomputer.pl\/index.php?rest_route=\/wp\/v2\/pages\/49\/revisions\/182"}],"wp:attachment":[{"href":"https:\/\/rolskikomputer.pl\/index.php?rest_route=%2Fwp%2Fv2%2Fmedia&parent=49"}],"curies":[{"name":"wp","href":"https:\/\/api.w.org\/{rel}","templated":true}]}}